3*t + 121 = -4*t. Calculate the remainder when c is divided by 17.
10
Let h = 11 - 8. Suppose 5*p - h*p - 14 = 0. Suppose -9 = -v + p. Calculate the remainder when 47 is divided by v.
15
Let r(o) = -o - 1. Let d(l) = -l**2 - 3*l - 3. Let b be d(-3). Let z be r(b). Suppose -y = z*y - 36. What is the remainder when y is divided by 7?
5
Let w(t) = -2*t - 6. Let c be w(-7). Suppose -h + c = h. Calculate the remainder when 7 is divided by h.
3
Let j(g) = g. Let o be j(5). Suppose -2*s - 2*h + 39 = -o*h, 0 = 4*h + 12. Let c = -79 + 107. Calculate the remainder when c is divided by s.
13
Suppose -4*v + 6*v - 4 = 0. What is the remainder when 3 is divided by v?
1
Suppose 0*g + 5*g + p - 119 = 0, g - 22 = -2*p. Calculate the remainder when g is divided by 9.
6
Let j = -78 - -124. Suppose 0 = -o - 2*m + 44, j = o - 2*m + 10. Suppose -3*u = -47 - o. What is the remainder when u is divided by 8?
5
Suppose -3*w - 5 + 68 = 0. Suppose -3*f - 5*q = -264, 2*f - q + 2 - 165 = 0. What is the remainder when f is divided by w?
20
Let o = 164 - 152. What is the remainder when 23 is divided by o?
11
Let c be (-6)/4*1130/(-15). Let i = c + -65. Let v = i + -26. What is the remainder when v is divided by 8?
6
Let c(s) = s**3 - 3*s**2 - 2*s + 4. Let p be c(4). Suppose p = 5*g - 33. Calculate the remainder when 24 is divided by g.
6
Suppose -2*v + 11 = -1. Calculate the remainder when 22 is divided by v.
4
Let s be -3*2*(5 - 7). Calculate the remainder when 31 is divided by s/(-18)*(-66)/4.
9
Calculate the remainder when (-1)/(0 - (-2)/(-152)) is divided by 13.
11
Suppose 6*u - 2*u = 36. Let g(o) = 1. Let f(j) = j + 1. Let m(c) = -3*f(c) + g(c). What is the remainder when m(-9) is divided by u?
7
Let k(l) = -5*l**3 - 2 - 3*l**2 - 4*l - 2*l**3 - 2*l**2 + 2*l**2. Calculate the remainder when k(-2) is divided by 17.
16
Suppose 6*v - 20 = 5*v. Let t(w) = w + 39. Calculate the remainder when t(0) is divided by v.
19
Let n(b) = b**3 + 15*b**2 + 12. What is the remainder when 59 is divided by n(-15)?
11
Let y(x) = -2*x - 15. Suppose 2*k - 1 = 7, 4*w + 24 = -5*k. What is the remainder when 18 is divided by y(w)?
4
Let j = 48 - 29. Calculate the remainder when 73 is divided by j.
16
Suppose 3*b - w = 23 + 28, -2*w = 0. What is the remainder when b is divided by 5?
2
Suppose 0 = -5*c - 5*n - 5, c - 5*n - 29 = 0. Suppose c*y - 7 = 9. Suppose 37 = y*u - 11. Calculate the remainder when 34 is divided by u.
10
Suppose 0*n + 30 = -n + w, -w + 114 = -4*n. Suppose 0 = 2*l + 1 + 9, 3*j - 20 = -2*l. What is the remainder when (-1 - n)/(3/2) is divided by j?
8
Let g = 37 + -27. Calculate the remainder when g is divided by 7.
3
Let u(x) = -23*x - 80. What is the remainder when u(-10) is divided by 17?
14
Suppose 0*m = 2*m - 3*q - 27, 0 = m - 2*q - 11. Calculate the remainder when 40 is divided by m.
19
Let j(f) = -f**2 + 5*f - 3. Let m be j(2). Suppose 3*v + 8 = -d + 24, -m*v - 16 = -d. Calculate the remainder when 30 is divided by d.
14
Let q = -10 - -4. Let x = q - -10. Let s(p) = p**2 - p - 1. What is the remainder when 43 is divided by s(x)?
10
What is the remainder when ((-4)/5)/(7/((-1575)/6)) is divided by 11?
8
Calculate the remainder when 271 is divided by 57/(-38)*136/(-6).
33
Suppose -10 + 37 = 3*i. Let d = i - 6. Suppose u - 1 = 3. Calculate the remainder when u is divided by d.
1
Let j(a) = 2*a**2 + 1. Suppose -5 = -2*b + 1. What is the remainder when j(1) is divided by b?
0
Suppose 99 - 189 = -2*r. Calculate the remainder when r is divided by (4/(-10))/((-2)/80).
13
Suppose 0 = 2*d + 4*t - 12, -3*t = -d - 2*t + 12. What is the remainder when d is divided by 6?
4
Let s = -16 - -23. Calculate the remainder when 12 is divided by s.
5
Suppose 2*w + 8 = -4. Let z(y) = -y**3 - 5*y**2 + 4*y - 2. Calculate the remainder when 38 is divided by z(w).
8
Let i(b) = -10*b + 23. Let a(h) = -5*h + 11. Let g(x) = -9*a(x) + 4*i(x). Calculate the remainder when 51 is divided by g(4).
12
Suppose -4*t + t + 165 = -3*o, -3*o - 285 = -5*t. What is the remainder when t is divided by 21?
18
Suppose 21 = 3*v - 90. What is the remainder when v is divided by 13?
11
Let w(l) = 2*l**2 - 4*l - 4. Let d(q) = -q**3 + 6*q**2 - 7*q - 2. Let f be d(5). Calculate the remainder when w(-5) is divided by (68/(-6))/(8/f).
15
Let p = 17 + 4. What is the remainder when 62 is divided by p?
20
Suppose -o + 2*o + 16 = -5*q, o + q = -4. Let t = 17 + o. What is the remainder when 61 is divided by t?
13
Let y(h) = -7*h**3 + h. Let n be y(-1). Suppose -3*o - m + 50 = 0, -4*o - 2*m = -7*o + 35. Suppose o = -k + n*k. What is the remainder when 4 is divided by k?
1
Suppose 4*z - 133 = 79. Calculate the remainder when z is divided by 6.
5
Let r(z) = 3*z - 14. Let t be r(6). Suppose -2*s - 28 = -t*w, 5*s + 3 = 3*w - 11. Calculate the remainder when 29 is divided by w.
5
Let a = 6 - 3. Suppose 2*k = a*m - 0*k - 175, 0 = m + 3*k - 62. What is the remainder when m is divided by 20?
19
Let c(s) = 3*s - 7. What is the remainder when 43 is divided by c(6)?
10
Suppose 0 = -n - n - w + 3, n - 5*w = 29. Suppose -q - q - n = 0. Let j(t) = -2*t**3 - 3*t**2 - 2*t - 3. Calculate the remainder when 13 is divided by j(q).
3
Let o = -10 - -11. Calculate the remainder when o is divided by 5/(5/2) + -1.
0
Suppose 32 = -12*w + 8*w. Let s(r) = -r**2 - 11*r + 3. Calculate the remainder when 78 is divided by s(w).
24
Let l(q) = 33*q**3 - q**2 + q - 1. Let u be (-4)/(-14) + 836/14. Suppose 0 = -0*a + a - 3*x - 26, x + u = 5*a. What is the remainder when l(1) is divided by a?
10
Let m(p) = -8*p - 13. Suppose -9 = -w - 2*w. Suppose 3*f = 4*o - 98, w*o - 4*o - f = -21. Calculate the remainder when m(-10) is divided by o.
21
Suppose 0 = 2*x - 3*l + 2, -4*x + 22 = 5*l - 18. Suppose 266 - 81 = x*h. What is the remainder when h is divided by 13?
11
Let n(h) = -5*h**3 + 4*h**2 - h + 1. Let z(p) = p**3. Let s(w) = -n(w) - 6*z(w). What is the remainder when s(-5) is divided by 7?
5
Let n(r) = r**2 + 3*r - 7. What is the remainder when n(5) is divided by 9?
6
Let t(d) = 9*d**2 + d - 4. Suppose 6*x + 4 = 8*x. What is the remainder when t(x) is divided by 18?
16
Suppose 2*s = -s - j + 13, 5*s - 21 = -j. Let z(v) = v**2 + 4*v - 2. Let o be z(-5). Let w = o - -10. Calculate the remainder when w is divided by s.
1
Suppose 2*k = -2*c + 188, 3*c + 2*k + 0*k - 278 = 0. Suppose -s = s - c. Calculate the remainder when s is divided by 12.
9
Let t(j) = j - 9. Let q be t(0). Let w(n) = 11*n. Let m be w(-2). Let a = q - m. What is the remainder when a is divided by 5?
3
Let u be 1/(3/(-9)) - -8. Suppose u*m + 10 - 85 = 0. Calculate the remainder when 59 is divided by m.
14
Let q(w) = w**3 - 9*w**2 + 9*w - 4. Let d be q(8). Suppose m = -5*k + 93, m + 3*m = -d*k + 68. What is the remainder when k is divided by 11?
8
Let y = -7 + 11. Suppose 8*h = y*h + 32. Suppose 0 = -4*m + 3*m - 3*p + 21, 0 = -4*m + 4*p + 52. Calculate the remainder when m is divided by h.
7
Let x = -9 + 18. Let y(c) = 4*c + 4. Calculate the remainder when y(3) is divided by x.
7
Suppose 5 = 5*l - 0*l. Let s = 16 - 5. Calculate the remainder when (62/6)/(l/3) is divided by s.
9
Let z(h) = -37*h**2 - 1. Let m be z(1). Let c = m + 63. Suppose 5*o - c = -5. Calculate the remainder when 7 is divided by o.
3
Suppose 4*m + 43 = 3. Let l = m - -22. Let k = l + -4. Calculate the remainder when 13 is divided by k.
5
Suppose -5*c + 164 = 24. Calculate the remainder when 109 is divided by c.
25
Let v = 26 + -4. What is the remainder when 5/((-15)/(-207)) + -8 + 4 is divided by v?
21
Let a be ((-1)/3)/(2/(-84)). Suppose m + a = -3*u, 0 = -4*u + 3*m - 0*m + 3. What is the remainder when 20 is divided by 1 - -6*(-3)/u?
6
Let c be (-8)/(-1)*15/6. Suppose -5*d = i - c, -d = 2*i + 2 - 24. What is the remainder when 17 is divided by i?
7
Suppose -5*z - 93 = -2*f + 93, -f = 4*z - 93. What is the remainder when f is divided by 24?
21
Let y(h) = -18*h**2 + 2*h + 4. Let f(x) = 35*x**2 - 3*x - 7. Let g(l) = 3*f(l) + 5*y(l). Let c = -337 - -366. Calculate the remainder when c is divided by g(1).
14
Let h(v) = 7*v**2 + v + 2. Let b be h(-2). Let d = 53 - b. Suppose -i + 12 = -d. What is the remainder when i is divided by 13?
11
Suppose -12*m + 320 = 4*m. Calculate the remainder when 118 is divided by m.
18
Let m = -29 - -21. Let 